{"id":1853,"date":"2025-01-15T13:43:29","date_gmt":"2025-01-15T13:43:29","guid":{"rendered":"https:\/\/yuvayayinlari.com\/web\/?post_type=product&#038;p=1853"},"modified":"2026-03-26T15:52:37","modified_gmt":"2026-03-26T15:52:37","slug":"ugur-bocegi-poninin-maceralari-1-sinif-10-kitap-duz-yazi","status":"publish","type":"product","link":"https:\/\/yuvayayinlari.com\/web\/?product=ugur-bocegi-poninin-maceralari-1-sinif-10-kitap-duz-yazi","title":{"rendered":"U\u011fur B\u00f6ce\u011fi Poni&#8217;nin Maceralar\u0131 1.S\u0131n\u0131f 10 Kitap (D\u00fcz Yaz\u0131)"},"content":{"rendered":"","protected":false},"excerpt":{"rendered":"[dflip id=\"1997\" type=\"thumb\"][\/dflip]\n","protected":false},"featured_media":1848,"template":"","meta":[],"product_brand":[],"product_cat":[15,55],"product_tag":[],"class_list":{"0":"post-1853","1":"product","2":"type-product","3":"status-publish","4":"has-post-thumbnail","6":"product_cat-genel","7":"product_cat-1-sinif","9":"first","10":"instock","11":"shipping-taxable","12":"purchasable","13":"product-type-simple"},"_links":{"self":[{"href":"https:\/\/yuvayayinlari.com\/web\/index.php?rest_route=\/wp\/v2\/product\/1853","targetHints":{"allow":["GET"]}}],"collection":[{"href":"https:\/\/yuvayayinlari.com\/web\/index.php?rest_route=\/wp\/v2\/product"}],"about":[{"href":"https:\/\/yuvayayinlari.com\/web\/index.php?rest_route=\/wp\/v2\/types\/product"}],"wp:featuredmedia":[{"embeddable":true,"href":"https:\/\/yuvayayinlari.com\/web\/index.php?rest_route=\/wp\/v2\/media\/1848"}],"wp:attachment":[{"href":"https:\/\/yuvayayinlari.com\/web\/index.php?rest_route=%2Fwp%2Fv2%2Fmedia&parent=1853"}],"wp:term":[{"taxonomy":"product_brand","embeddable":true,"href":"https:\/\/yuvayayinlari.com\/web\/index.php?rest_route=%2Fwp%2Fv2%2Fproduct_brand&post=1853"},{"taxonomy":"product_cat","embeddable":true,"href":"https:\/\/yuvayayinlari.com\/web\/index.php?rest_route=%2Fwp%2Fv2%2Fproduct_cat&post=1853"},{"taxonomy":"product_tag","embeddable":true,"href":"https:\/\/yuvayayinlari.com\/web\/index.php?rest_route=%2Fwp%2Fv2%2Fproduct_tag&post=1853"}],"curies":[{"name":"wp","href":"https:\/\/api.w.org\/{rel}","templated":true}]}}