{"id":1342,"date":"2021-12-17T23:01:13","date_gmt":"2021-12-17T23:01:13","guid":{"rendered":"https:\/\/yuvayayinlari.com\/web\/?post_type=product&#038;p=1342"},"modified":"2025-01-15T13:02:52","modified_gmt":"2025-01-15T13:02:52","slug":"bilim-uzerine-200-etkinlik-coz-bakalim","status":"publish","type":"product","link":"https:\/\/yuvayayinlari.com\/web\/?product=bilim-uzerine-200-etkinlik-coz-bakalim","title":{"rendered":"\u00c7\u00f6z Bakal\u0131m 200 Etkinlik Bilim"},"content":{"rendered":"<p>Bilim \u00dczerine 200 Etkinlik \u00c7\u00f6z Bakal\u0131m<\/p>\n","protected":false},"excerpt":{"rendered":"<p>Bilim \u00dczerine 200 Etkinlik \u00c7\u00f6z Bakal\u0131m<\/p>\n","protected":false},"featured_media":1708,"template":"","meta":[],"product_brand":[],"product_cat":[76],"product_tag":[86,89],"class_list":{"0":"post-1342","1":"product","2":"type-product","3":"status-publish","4":"has-post-thumbnail","6":"product_cat-etkinlikler","7":"product_tag-etkinlik","8":"product_tag-ogrenme","10":"first","11":"instock","12":"shipping-taxable","13":"purchasable","14":"product-type-simple"},"_links":{"self":[{"href":"https:\/\/yuvayayinlari.com\/web\/index.php?rest_route=\/wp\/v2\/product\/1342","targetHints":{"allow":["GET"]}}],"collection":[{"href":"https:\/\/yuvayayinlari.com\/web\/index.php?rest_route=\/wp\/v2\/product"}],"about":[{"href":"https:\/\/yuvayayinlari.com\/web\/index.php?rest_route=\/wp\/v2\/types\/product"}],"wp:featuredmedia":[{"embeddable":true,"href":"https:\/\/yuvayayinlari.com\/web\/index.php?rest_route=\/wp\/v2\/media\/1708"}],"wp:attachment":[{"href":"https:\/\/yuvayayinlari.com\/web\/index.php?rest_route=%2Fwp%2Fv2%2Fmedia&parent=1342"}],"wp:term":[{"taxonomy":"product_brand","embeddable":true,"href":"https:\/\/yuvayayinlari.com\/web\/index.php?rest_route=%2Fwp%2Fv2%2Fproduct_brand&post=1342"},{"taxonomy":"product_cat","embeddable":true,"href":"https:\/\/yuvayayinlari.com\/web\/index.php?rest_route=%2Fwp%2Fv2%2Fproduct_cat&post=1342"},{"taxonomy":"product_tag","embeddable":true,"href":"https:\/\/yuvayayinlari.com\/web\/index.php?rest_route=%2Fwp%2Fv2%2Fproduct_tag&post=1342"}],"curies":[{"name":"wp","href":"https:\/\/api.w.org\/{rel}","templated":true}]}}