{"id":1280,"date":"2021-12-19T20:13:36","date_gmt":"2021-12-19T20:13:36","guid":{"rendered":"https:\/\/yuvayayinlari.com\/web\/?post_type=product&#038;p=1280"},"modified":"2026-03-26T12:02:42","modified_gmt":"2026-03-26T12:02:42","slug":"kirmizi-topun-maceralari","status":"publish","type":"product","link":"https:\/\/yuvayayinlari.com\/web\/?product=kirmizi-topun-maceralari","title":{"rendered":"K\u0131rm\u0131z\u0131 Topun Maceralar\u0131 1.S\u0131n\u0131f 10 kitap (D\u00fcz Yaz\u0131l\u0131)"},"content":{"rendered":"<p>K\u0131rm\u0131z\u0131 Topun Maceralar\u0131 Serisi, yeni okuma ve yazma \u00f6\u011fretimi program\u0131na g\u00f6re haz\u0131rlanm\u0131\u015ft\u0131r. Bu serimizde yaramaz bir topun sevimli ve heyecanl\u0131 ser\u00fcvenlerini \u00e7ocuklar\u0131m\u0131z soluksuz okuyacak ve bu sayede okumay\u0131 \u00f6\u011frenmede yard\u0131mc\u0131 olacak, h\u0131zland\u0131racak ve sevdirecektir. Serimiz 5 kitap Heceli 5 kitap D\u00fcz Yaz\u0131l\u0131 olan 10 kitaptan olu\u015fmaktad\u0131r.<\/p>\n","protected":false},"excerpt":{"rendered":"[dflip id=\"1801\" type=\"thumb\"][\/dflip]\n","protected":false},"featured_media":1794,"template":"","meta":[],"product_brand":[],"product_cat":[55],"product_tag":[56,67,63,64],"class_list":{"0":"post-1280","1":"product","2":"type-product","3":"status-publish","4":"has-post-thumbnail","6":"product_cat-1-sinif","7":"product_tag-1-sinif","8":"product_tag-hikaye","9":"product_tag-okuma","10":"product_tag-yazma","12":"first","13":"instock","14":"shipping-taxable","15":"purchasable","16":"product-type-simple"},"_links":{"self":[{"href":"https:\/\/yuvayayinlari.com\/web\/index.php?rest_route=\/wp\/v2\/product\/1280","targetHints":{"allow":["GET"]}}],"collection":[{"href":"https:\/\/yuvayayinlari.com\/web\/index.php?rest_route=\/wp\/v2\/product"}],"about":[{"href":"https:\/\/yuvayayinlari.com\/web\/index.php?rest_route=\/wp\/v2\/types\/product"}],"wp:featuredmedia":[{"embeddable":true,"href":"https:\/\/yuvayayinlari.com\/web\/index.php?rest_route=\/wp\/v2\/media\/1794"}],"wp:attachment":[{"href":"https:\/\/yuvayayinlari.com\/web\/index.php?rest_route=%2Fwp%2Fv2%2Fmedia&parent=1280"}],"wp:term":[{"taxonomy":"product_brand","embeddable":true,"href":"https:\/\/yuvayayinlari.com\/web\/index.php?rest_route=%2Fwp%2Fv2%2Fproduct_brand&post=1280"},{"taxonomy":"product_cat","embeddable":true,"href":"https:\/\/yuvayayinlari.com\/web\/index.php?rest_route=%2Fwp%2Fv2%2Fproduct_cat&post=1280"},{"taxonomy":"product_tag","embeddable":true,"href":"https:\/\/yuvayayinlari.com\/web\/index.php?rest_route=%2Fwp%2Fv2%2Fproduct_tag&post=1280"}],"curies":[{"name":"wp","href":"https:\/\/api.w.org\/{rel}","templated":true}]}}