{"id":1278,"date":"2021-12-17T20:07:18","date_gmt":"2021-12-17T20:07:18","guid":{"rendered":"https:\/\/yuvayayinlari.com\/web\/?post_type=product&#038;p=1278"},"modified":"2026-03-26T12:02:43","modified_gmt":"2026-03-26T12:02:43","slug":"kitap-okuma-defteri","status":"publish","type":"product","link":"https:\/\/yuvayayinlari.com\/web\/?product=kitap-okuma-defteri","title":{"rendered":"Kitap Okuma Defteri"},"content":{"rendered":"<p>Sevgili \u00f6\u011fretmenler, veliler ve sevgili \u00f6\u011frenciler, art\u0131k kitaplar\u0131 kolayca takip edebileceksiniz. Okunan kitaplar\u0131n anla\u015f\u0131l\u0131p anla\u015f\u0131lmad\u0131\u011f\u0131n\u0131 ve istenilen ba\u015far\u0131n\u0131n sa\u011flan\u0131p sa\u011flanmad\u0131\u011f\u0131n\u0131, T\u00fcrk\u00e7e dersinin her \u00f6\u011frenci i\u00e7in geli\u015fimini kolayca takip edebileceksiniz. \u015eimdiden hepinize ba\u015far\u0131lar dile\u011fiyle&#8230;<\/p>\n","protected":false},"excerpt":{"rendered":"<p>Sevgili \u00f6\u011fretmenler, veliler ve sevgili \u00f6\u011frenciler, art\u0131k kitaplar\u0131 kolayca takip edebileceksiniz. Okunan kitaplar\u0131n anla\u015f\u0131l\u0131p anla\u015f\u0131lmad\u0131\u011f\u0131n\u0131 ve istenilen ba\u015far\u0131n\u0131n sa\u011flan\u0131p sa\u011flanmad\u0131\u011f\u0131n\u0131, T\u00fcrk\u00e7e dersinin her \u00f6\u011frenci i\u00e7in geli\u015fimini kolayca takip edebileceksiniz. \u015eimdiden hepinize ba\u015far\u0131lar dile\u011fiyle&#8230;<\/p>\n","protected":false},"featured_media":1582,"template":"","meta":[],"product_brand":[],"product_cat":[141],"product_tag":[56,61,66,63],"class_list":{"0":"post-1278","1":"product","2":"type-product","3":"status-publish","4":"has-post-thumbnail","6":"product_cat-okula-yardimci","7":"product_tag-1-sinif","8":"product_tag-defter","9":"product_tag-kitap","10":"product_tag-okuma","12":"first","13":"instock","14":"shipping-taxable","15":"purchasable","16":"product-type-simple"},"_links":{"self":[{"href":"https:\/\/yuvayayinlari.com\/web\/index.php?rest_route=\/wp\/v2\/product\/1278","targetHints":{"allow":["GET"]}}],"collection":[{"href":"https:\/\/yuvayayinlari.com\/web\/index.php?rest_route=\/wp\/v2\/product"}],"about":[{"href":"https:\/\/yuvayayinlari.com\/web\/index.php?rest_route=\/wp\/v2\/types\/product"}],"wp:featuredmedia":[{"embeddable":true,"href":"https:\/\/yuvayayinlari.com\/web\/index.php?rest_route=\/wp\/v2\/media\/1582"}],"wp:attachment":[{"href":"https:\/\/yuvayayinlari.com\/web\/index.php?rest_route=%2Fwp%2Fv2%2Fmedia&parent=1278"}],"wp:term":[{"taxonomy":"product_brand","embeddable":true,"href":"https:\/\/yuvayayinlari.com\/web\/index.php?rest_route=%2Fwp%2Fv2%2Fproduct_brand&post=1278"},{"taxonomy":"product_cat","embeddable":true,"href":"https:\/\/yuvayayinlari.com\/web\/index.php?rest_route=%2Fwp%2Fv2%2Fproduct_cat&post=1278"},{"taxonomy":"product_tag","embeddable":true,"href":"https:\/\/yuvayayinlari.com\/web\/index.php?rest_route=%2Fwp%2Fv2%2Fproduct_tag&post=1278"}],"curies":[{"name":"wp","href":"https:\/\/api.w.org\/{rel}","templated":true}]}}